ed by a(11).
135
Let k(l) = 71*l**2 - 4*l + 7. Let m(q) = -10*q + 206. What is the remainder when m(0) is divided by k(1)?
58
Let k = -32723 + 32756. Calculate the remainder when 376 is divided by k.
13
Let q(y) = 5*y**2 - 9*y - 10. Let f be q(-1). Suppose f*i + 5*v = -0*i + 47, 4*v - 34 = -3*i. Calculate the remainder when i is divided by 13.
5
Let p = -22 + 24. Let c(a) = 11*a + 5 + 12 + 21*a**p - 41*a**2 + 19*a**2. Calculate the remainder when c(10) is divided by 16.
11
Suppose 19*v - 109 = -14. Suppose 17*q - 14*q = 3*r + 12, v*q - 3*r = 18. Suppose -q*w + 8 + 7 = 0. What is the remainder when w is divided by 4?
1
Let m be (-9 + 19 - 8) + (-85)/1. Let a = 122 + m. Calculate the remainder when 74 is divided by a.
35
Calculate the remainder when (-13 - -9)/((-4)/1154*2) is divided by 9.
1
Calculate the remainder when 6/(-10) + 97545/75 is divided by 45.
40
Suppose -91 = -w + 5*i, 13*w - 5*i = 14*w - 31. Calculate the remainder when 2133 is divided by w.
59
Let r(k) = -k**3 - 13*k**2 - 8*k + 264. Calculate the remainder when 219 is divided by r(-8).
3
Let w(i) = 4*i**2 - 4*i. Let g be w(-3). Let q = 471 + -503. Let t = q + g. What is the remainder when 25 is divided by t?
9
Let x be -4*4/(-80) + 1038/(-15). Let n = -38 - x. Calculate the remainder when 110 is divided by n.
17
Suppose 0 = -4*h - 5*y + 54, 2*h = -3*y - 0 + 26. Let u = -80 + 137. What is the remainder when u is divided by h?
9
Let q(k) = 31*k**2 - 4*k - 18. Let c be q(4). Suppose 3*i - c = -3*i. Calculate the remainder when i is divided by 26.
25
Suppose -2*i - 1170 = -17*i. Suppose -32 + i = f. What is the remainder when f is divided by 12?
10
Suppose -2*q + 351 = 3*z, -73*z = -70*z + 5*q - 360. Calculate the remainder when 453 is divided by z.
108
Let q = 10 + 58. Suppose 5*c = -0*c + 4*v + 445, 5*v + q = c. Let s = c + -49. Calculate the remainder when s is divided by 16.
12
Suppose 0 = -52*m + 55 + 777. What is the remainder when 0 - 5 - (6 + -73) is divided by m?
14
Suppose 18 = 3*t, -38*t = k - 40*t - 211. What is the remainder when k is divided by 121?
102
Calculate the remainder when 298 is divided by 1/2*7/21*876.
6
Suppose 0 = -5*o - 11*o + 2240. Let n(k) = 18*k**2 - 10*k - 2. What is the remainder when o is divided by n(2)?
40
Let a = 2494 - 2332. Calculate the remainder when 404 is divided by a.
80
Let b(y) = -y**3 + 9*y**2 + 32*y + 6. What is the remainder when 161 is divided by b(11)?
45
Let x be (-2)/(4*1) - (-44)/8. Suppose 2*j = 4*r + 2, j + x*r - 4 = 4. Let h = -16 + 26. What is the remainder when h is divided by j?
1
Let s = 861 + -743. Let y(w) = w**3 - 11*w**2 + 13*w + 10. Let t be y(10). Suppose 2*j - 120 = -t. What is the remainder when s is divided by j?
38
Let b be 12/90 - (-56)/30. Suppose b*z + 16 = 5*q, q - 6*q - z + 22 = 0. What is the remainder when 130 is divided by ((-8)/q)/((-6)/66)?
20
Let w(u) = 2*u**2 + 12*u - 33. Suppose -y = -23 - 2. Calculate the remainder when w(6) is divided by y.
11
Let r(a) = 4*a**2 + a + 5. Let u be (-105)/(-10)*14/(-21). Let y(z) = -z**3 - 6*z**2 + 2*z + 3. What is the remainder when r(5) is divided by y(u)?
34
Suppose -9*x = 23*x + 128. What is the remainder when (267/(-6) + 0)*x is divided by 15?
13
Let m = 20 + -10. Let q = 308 - 308. Suppose q = -5*h - 3*r + 25, -h - 4*r = -6 + 1. Calculate the remainder when m is divided by h.
0
Suppose -3*s - s + 124 = 0. Let j = s - 25. Suppose -63 = -j*f - 3*f. What is the remainder when 9 is divided by f?
2
Suppose 3*b - 2*b = 19. Suppose -2*s = 2*h - 55 - 259, -5*h + 10 = 0. What is the remainder when s is divided by b?
3
Calculate the remainder when (-4)/((-1300)/(-436) - 3) is divided by 2/((-6)/(-147)) - (35 + -30).
42
Let c(l) = 4*l + 101. Let f be c(-24). Suppose -4*n - 87 = -2*w + w, f*n - 15 = 0. Calculate the remainder when w is divided by 36.
27
Let z(l) = 2*l**2 - 104*l + 1619. Calculate the remainder when z(17) is divided by 9.
6
Let i = 11029 + -11004. Suppose -4*f = g - 86, 3*f = -1 + 10. Calculate the remainder when g is divided by i.
24
Let m(g) = 62*g + 717. Suppose -5*b - a = -97, -83 = -4*b + a - 0*a. Calculate the remainder when m(-9) is divided by b.
19
Let q(v) = 2*v**2 - 2*v. Let f be q(-1). Suppose 4*n = n + b + 105, 3*n - 114 = f*b. Calculate the remainder when n is divided by (-4)/(-24) - (-77)/6.
8
Let p be (-1*(-153)/6)/((-6)/(-8)). Suppose 59*f - 61*f = -p. What is the remainder when 27 is divided by f?
10
What is the remainder when (6 + 5)/((-14)/(-4998)) is divided by 19?
13
Suppose -69*o - 134*o = 37*o - 2740560. What is the remainder when o is divided by 47?
45
Suppose p = 7*l - 144, -4*l + 105 = -p + 24. What is the remainder when 2/3 + 746/6 is divided by l?
20
Let k(u) = u**3 - 7*u + 2. Let v be k(3). What is the remainder when 68 is divided by (-3)/(-12) + 54/v?
5
Let c = -6287 + 6313. Calculate the remainder when 11490 is divided by c.
24
Let w = -8211 - -8279. What is the remainder when 894 is divided by w?
10
Suppose -3*h + 777 = 273. Suppose -5*r - 123 = -h. Calculate the remainder when 14 is divided by r.
5
Let a = -249 - -246. Suppose 0*f + 15 = -f. Let g = a - f. Calculate the remainder when 93 is divided by g.
9
Let s = -25332 - -25345. What is the remainder when 514 is divided by s?
7
Let c = -516 - -597. What is the remainder when 1860 is divided by c?
78
Suppose -4*y = 4*i - 1276, 0 = -34*i + 33*i + 6. Calculate the remainder when y is divided by 15.
13
Let u = 96 + -87. Suppose -u*i + 1426 = 139. What is the remainder when i is divided by 16?
15
Suppose 14*x - 579 = 303. Suppose -x*h = -59*h - 12. Calculate the remainder when 40 is divided by -4 - h/((-12)/44).
5
Calculate the remainder when 494 is divided by (0 + -6)*(8740/120)/(-19).
11
Let x = 9574 - 9558. Let r = 98 + -68. What is the remainder when x is divided by r/9*1*3?
6
Suppose -15*l = 16*l - 13500 - 5937. Calculate the remainder when 676 is divided by l.
49
Suppose -138 = -5*w - 2*h, -w - 96 = -5*w + 2*h. Suppose -14*c = -10*c - 9*c + 2460. Calculate the remainder when c is divided by w.
24
Suppose -2*c + 22 = -5*n, 3*c + 821*n - 829*n = 34. What is the remainder when 2*((-15)/(-2) + 2) is divided by c?
1
Let h = -48 - -86. Suppose -139*w - 325*w = -1856. What is the remainder when h is divided by w?
2
Suppose -4*w = 4*i - 148 - 68, 4*w = 8. What is the remainder when ((-14)/4)/(3/(-126)) is divided by i?
43
What is the remainder when 3*(-8)/(-12) - -113 is divided by (576/704)/((-3)/(-33))?
7
Suppose -3*i = 5*i - 168. Suppose 0 = v - 4 - 5. What is the remainder when ((-68)/14)/((-3)/i) is divided by v?
7
Suppose 4*u = -5*k + 5*u + 7, 2*u = -5*k + 16. Suppose -o - 4*x = -34, 4*x + 26 = 3*o - k*o. Calculate the remainder when 73 is divided by o.
13
Let l(c) = 105*c + 878. Calculate the remainder when l(-7) is divided by (711/(-27))/((-44)/(-12) + -4).
64
Let w be 8/2 - (88 - -6). Calculate the remainder when ((-6)/4)/(1/w) is divided by 69.
66
Suppose 4*q - 762 = -3*w - 278, 0 = w - 2*q - 168. Suppose 5*g + w = 264. Calculate the remainder when 172 is divided by g.
12
Let j be (-4)/(-6) - (1680/(-9))/5. Suppose j = -4*c + 86. Calculate the remainder when 59 is divided by c.
11
Suppose d - 105 = -4*d. Suppose -3*x - 5 = -4*v, 2*v + 6*x - 7*x = 3. Let r(t) = 53*t - 3. Calculate the remainder when r(v) is divided by d.
19
Let t(z) = -30*z + 30. Let m be t(1). Suppose m*j - 19*j + 4351 = 0. What is the remainder when j is divided by 6?
1
Let w(m) = m**3 + m**2 + 2*m - 5. Let u(z) = 3*z**2 + 9*z - 26. What is the remainder when u(7) is divided by w(3)?
36
Let c = 83 + -51. Calculate the remainder when c is divided by (1/2*(9 - 5))/(40/240).
8
Let w(k) = 7*k + 16. Suppose -2*j + 6 = 30. Let y be w(j). Let q = -51 - y. Calculate the remainder when q is divided by 9.
8
Let p be 5/((-2)/9 - (-110)/90). Let f be 2/(-6) + p*(-1)/(-15). Suppose f = -25*g + 20*g + 285. What is the remainder when g is divided by 10?
7
Let x = -491 + 811. Let y = -179 + x. Calculate the remainder when y is divided by 13.
11
Suppose 23 = 2*z + 13. Suppose -8*s = -z*s - 12. What is the remainder when s is divided by 4?
0
Let d(f) = 3*f**2 - 3*f**2 - 13 - 4*f - f**2 + 5*f + 4*f**2. What is the remainder when d(-4) is divided by 17?
14
Let y(u) = -u**3 + 29*u**2 - 13*u + 81. Calculate the remainde